ermine w(11).
-133
Let v(z) = z**3 + 16*z**2 + 16*z + 22. Determine v(-15).
7
Let q(u) = -5*u + 7. What is q(-12)?
67
Let j(r) = 2*r**2 - 24*r + 65. Calculate j(5).
-5
Let t(q) = 8*q - 8. Give t(4).
24
Let t(h) = -h + 9. What is t(-2)?
11
Let s(t) = 25*t + 101. Calculate s(-5).
-24
Let r(l) = 2*l + 18. Calculate r(0).
18
Let x(q) = -q + 6. Give x(-6).
12
Let g(d) = -d**3 + d**2 + d - 57. Calculate g(0).
-57
Let y(z) = -z**3 - z**2 - 2*z + 140. Give y(0).
140
Let w(m) = 8*m - 31. What is w(-8)?
-95
Let g(s) = -s**3 - 6*s**2 + 5*s + 5. Give g(-5).
-45
Let r(j) = -2*j**3 + 15*j**2 - 26*j + 12. Determine r(5).
7
Let n(w) = w**2 + 5*w - 5. What is n(-5)?
-5
Let i(v) = v**3 + 5*v**2 - 7*v. Give i(-6).
6
Let f(k) = -35*k**3 + 2*k**2 - 1. Determine f(1).
-34
Let o(l) = 2*l**2 + 23*l + 68. Give o(-5).
3
Let d(i) = -i**3 - 8*i**2 - 5*i + 11. Calculate d(-9).
137
Let z(i) = -i**3 - 11*i**2 - 10*i + 3. Determine z(-10).
3
Let j(b) = -3*b + 7. What is j(7)?
-14
Let f(n) = 3*n - 6. Give f(0).
-6
Let z(w) = -w**3 - 5*w**2 - 5*w - 6. Calculate z(-4).
-2
Let h(g) = -2*g**3 - 9*g**2 + 2. Calculate h(-6).
110
Let g(u) = u**3 + 26*u**2 + 28*u + 52. Calculate g(-25).
-23
Let g(k) = 27*k + 589. Determine g(-22).
-5
Let r(b) = 19*b + 351. Determine r(-18).
9
Let p(x) = 34*x**2 - x + 2. What is p(1)?
35
Let o(m) = m**2 + 2*m - 4. What is o(3)?
11
Let s(o) = -4*o - 8. Determine s(-3).
4
Let u(d) = -225*d + 226. Determine u(1).
1
Let y(a) = 16*a - 161. What is y(10)?
-1
Let g(t) = 42*t - 214. What is g(5)?
-4
Let l(m) = -m**3 + 4*m**2 - 33*m + 280. Calculate l(6).
10
Let x(j) = -3*j + 43. Determine x(14).
1
Let p(u) = -u**2 - 23*u - 71. What is p(-15)?
49
Let u(z) = -7*z**2 + 2*z - 1. Give u(1).
-6
Let j(n) = 5*n + 16. Calculate j(-7).
-19
Let s(g) = g**2 + 46. Give s(-11).
167
Let p(u) = -2*u**2 + 15*u + 15. Determine p(8).
7
Let x(j) = -j**3 - 13*j**2 + 27*j + 180. Give x(-14).
-2
Let t(x) = -x - 27. Calculate t(-22).
-5
Let m(h) = -4*h - 3. Give m(5).
-23
Let r(v) = v**3 - 5*v**2 - 13*v - 6. Give r(7).
1
Let c(a) = a - 9. Give c(5).
-4
Let y(o) = 2*o**3 - 49*o**2 + 24*o + 3. What is y(24)?
3
Let g(u) = -15*u + 6. Calculate g(2).
-24
Let o(s) = s**3 + 4*s**2 - 4*s - 2. Give o(-5).
-7
Let x(r) = -3*r - 44. Calculate x(-15).
1
Let t(j) = -j**3 + 6*j**2 - 10*j + 1. Calculate t(5).
-24
Let t(r) = -r**3 - 6*r**2 - 5*r - 8. Calculate t(-5).
-8
Let o(w) = 19*w**2 + 2*w + 1. What is o(-1)?
18
Let g(y) = -y**3 - 2*y - 10. Calculate g(0).
-10
Let m(t) = 23*t**3 + t**2 - 2*t - 3. Determine m(-1).
-23
Let a(g) = -3*g + 61. Calculate a(-25).
136
Let v(a) = -13*a**2 + a. Determine v(1).
-12
Let s(d) = d**3 - 8*d**2 + d - 9. Calculate s(6).
-75
Let f(u) = 177*u + 5. Calculate f(0).
5
Let i(s) = -s**3 - 7*s**2 + 5*s + 17. Determine i(-7).
-18
Let m(p) = -5*p + 12. Calculate m(-4).
32
Let o(g) = 2*g**2 - 10*g + 20. Give o(5).
20
Let y(j) = -j. Determine y(-3).
3
Let k(m) = -m + 9. Determine k(16).
-7
Let b(n) = -4*n + 11. What is b(7)?
-17
Let i(j) = -j**3 + 9*j**2 - 12*j - 8. Give i(7).
6
Let x(y) = -y**2 + 3*y - 22. What is x(0)?
-22
Let d(h) = -h**3 + 28*h**2 - 30*h + 37. Calculate d(27).
-44
Let w(c) = c**3 - 6*c**2 - 4*c - 9. Calculate w(7).
12
Let f(m) = 2*m - 10. What is f(0)?
-10
Let y(x) = x**2 - 2*x + 6. What is y(4)?
14
Let p(g) = -g**3 + 7*g**2 - g - 6. What is p(7)?
-13
Let g(n) = -n**3 + 28*n**2 + n - 19. Calculate g(28).
9
Let m(y) = -4*y**2 + 4. Determine m(2).
-12
Let l(f) = -f**2 - 30*f - 92. Determine l(-27).
-11
Let c(j) = -j**3 + 3*j**2 - j - 3. Give c(3).
-6
Let k(m) = m**2 - 10*m + 10. Give k(9).
1
Let a(f) = f**3 - 9*f**2 - 8*f - 17. Give a(10).
3
Let m(q) = -5*q - 74. What is m(-15)?
1
Let h(n) = -n**3 - 15*n**2 + 14*n - 33. What is h(-16)?
-1
Let i(y) = -8*y. Calculate i(3).
-24
Let c(x) = x**2 + 12*x - 20. Give c(-13).
-7
Let n(z) = -2*z - 50. Give n(-25).
0
Let n(g) = -4*g - 21. Give n(-8).
11
Let v(f) = 2*f**2 - 3*f - 2. What is v(4)?
18
Let y(w) = w**2 + 9*w + 15. What is y(-7)?
1
Let o(j) = j**2 + 8*j + 8. Give o(-6).
-4
Let w(f) = f**2 - 4*f + 1. Determine w(6).
13
Let t(i) = 18*i + 101. Calculate t(-6).
-7
Let b(h) = h**3 - 11*h**2 - 11*h - 20. Calculate b(12).
-8
Let n(w) = 27*w + 190. Give n(-7).
1
Let d(u) = -u**3 - u**2 + 4*u - 42. Give d(0).
-42
Let k(x) = x**2 + x + 17. What is k(8)?
89
Let s(x) = -11*x + 23. Give s(10).
-87
Let x(r) = -2*r - 43. Determine x(-18).
-7
Let m(z) = -2*z**2 + 4*z. Determine m(4).
-16
Let w(k) = -k**3 - 3*k**2 + 2*k + 7. What is w(-3)?
1
Let m(l) = l**3 - l**2 + 7*l - 5. Give m(4).
71
Let l(c) = c**3 - 18*c**2 - 2*c + 29. Give l(18).
-7
Let v(y) = -38*y - 30. Determine v(-3).
84
Let n(a) = -6*a - 178. What is n(-26)?
-22
Let s(v) = -31*v**3 + 2*v - 1. What is s(1)?
-30
Let v(n) = -5*n**2 + 3*n + 11. What is v(4)?
-57
Let d(s) = 4*s - 65. Give d(16).
-1
Let t(l) = -l**3 - l**2 + 2*l - 4. What is t(-2)?
-4
Let o(u) = 4*u + 29. What is o(-7)?
1
Let t(b) = 47*b + 335. Give t(-8).
-41
Let v(l) = l**3 - 8*l**2 - 88*l - 8. Give v(-6).
16
Let w(j) = j - 13. Calculate w(-4).
-17
Let v(f) = -f**2 - 12*f - 12. Calculate v(-10).
8
Let q(d) = d**3 + 5*d**2 - 13. Calculate q(-5).
-13
Let p(t) = -2*t**2 + 8*t - 12. What is p(4)?
-12
Let h(a) = a - 21. Determine h(15).
-6
Let h(a) = -a**3 - 23*a**2 - 63*a - 59. Give h(-20).
1
Let r(u) = u**3 - u**2 - 4*u + 1. Determine r(-2).
-3
Let q(k) = k**2 + 10*k + 5. Determine q(-7).
-16
Let c(v) = v**2 - 11*v + 17. What is c(8)?
-7
Let w(n) = n**2 - 15*n - 71. Determine w(19).
5
Let r(f) = f**2 + 83*f + 244. What is r(-80)?
4
Let u(r) = -r**2 + 9*r - 1. What is u(6)?
17
Let k(g) = g**3 - 12*g**2 - 13*g + 1. Calculate k(13).
1
Let t(s) = s**3 + s**2. Determine t(-1).
0
Let f(d) = -d**2 + 7*d + 105. Give f(14).
7
Let z(y) = 2*y**3 - 3*y**2 - y + 2. Determine z(2).
4
Let z(k) = -3*k**3 + 4*k**2 - 5*k + 2. Give z(3).
-58
Let m(y) = 26*y - 2. Calculate m(-1).
-28
Let s(t) = -t**2 + 15*t + 10. Give s(15).
10
Let l(h) = 3*h - 2. What is l(0)?
-2
Let m(c) = c**3 + 10*c**2 - c + 4. Calculate m(-10).
14
Let x(d) = -d**2 - d + 10. Give x(4).
-10
Let x(l) = l**3 - 10*l**2 + 12*l + 6. Determine x(9).
33
Let t(b) = 2*b**2 - 22*b + 3. What is t(12)?
27
Let a(o) = -o**2 + 10*o - 55. What is a(6)?
-31
Let m(y) = y**2 + 10*y - 3. Give m(-7).
-24
Let j(u) = u + 82. Determine j(0).
82
Let f(b) = -b**2 - 2*b + 5. Calculate f(-4).
-3
Let j(m) = m**3 - 3*m**2 - m - 6. Determine j(5).
39
Let u(g) = -g**2 - 5*g - 7. Determine u(-6).
-13
Let w(o) = o**2 + 15*o - 496. Calculate w(16).
0
Let t(w) = 6*w + 60. Calculate t(-11).
-6
Let c(f) = 2*f**2 + 2*f - 3. Calculate c(5).
57
Let x(b) = -b**2 + 7*b + 14. Give x(8).
6
Let i(h) = -81*h - 1. What is i(-1)?
80
Let u(a) = -a**3 + 18*a**2 + 21*a - 27. Calculate u(19).
11
Let r(p) = -p**2 - 7*p - 28. Determine r(-8).
-36
Let s(i) = -i**3 - 34*i**2 - 64*i - 5. Give s(-32).
-5
Let f(c) = -2*c**3 - 27*c**2 + 16*c + 46. Determine f(-14).
18
Let r(d) = -4*d - 31. Calculate r(-10).
9
Let z(v) = v**3 - 11*v**2 - 6*v - 24. Determine z(12).
48
Let a(o) = -4*o**2 + 16*o - 30. What is a(5)?
-50
Let h(f) = 7*f + 81. Determine h(-12).
-3
Let s(f) = -5*f + 7. Give s(3).
-8
Let z(s) = -s**3 + 5*s**2 + 2*s. What is z(4)?
24
Let u(l) = 7*l + 30. What is u(-5)?
-5
Let p(r) = -r**2 + 20*r + 37. What is p(22)?
-7
Let v(a) = -a**3 + 13*a**2 + 4*a - 32. Give v(13).
20
Let n(p) = -2*p + 4. Calculate n(-9).
22
Let o(i) = -4*i**3 + 2*i**2 + 5*i + 7. Calculate o(-3).
118
Let a(g) = 4*g**2 + 22*g - 8. Determine a(-6).
4
Let a(z) = 39*z - 1. What is a(1)?
38
Let x(p) = -7*p + 42. Determine x(5).
7
Let w(f) = -f**3 + 12*f**2 + 86*f - 19. What is w(17)?
-2
Let q(d) = -34*d + 204. What is q(6)?
0
Let b(m) = -m**2 - 9*m + 26. Determine b(-11).
4
Let p(f) = 2*f**2 + 3*f + 5. Give p(6).
95
Let j(z) = -3*z + 16. Calculate j(5).
1
Let m(i) = -42*i + 379. Calculate m(9).
1
Let s(l) = -l**2 - 36*l - 63. Determine s(-34).
5
Let t(l) = 2*l + 2. Determine t(3).
8
Let q(x) = -x**3 - 9*x**2 - 13*x + 13. Calculate q(-5).
-22
Let y(z) = -z**2 - 13*z - 1. Calculate y(-12).
11
Let b(x) = x**3 + 10*x**2 - 39*x - 8. Give b(-13).
-8
Let m(o) = -o**3 + 22*o**2 - 17*o + 8. What is m(21)?
92
Let q(f) = f**3 - 14*f**2 + 8*f + 11. What is q(13)?
-54
Let a(x) = x**3 + 4*x**2 + 10*x + 87. Determine a(-5).
12
Let z(a) = -2*a + 17